factors of r(-11).
379
Let w(r) = -102*r + 28. What are the prime factors of w(-4)?
2, 109
Let z = -9 - -21. Suppose -7*o = -z*o + 495. List the prime factors of o.
3, 11
Suppose 3*s = -3*c + 165, 2*s = -2*c + 4*c + 114. Suppose 24 = -2*h + s. List the prime factors of h.
2
Let h = -1263 - -2361. What are the prime factors of h?
2, 3, 61
Let u be (-3)/(-1) - (-2 + 5). Suppose u = -2*s - t - 55, -4*s = 3*t - 0*t + 105. What are the prime factors of (-1806)/s - (-2)/(-10)?
2, 3, 5
Suppose -k - 12*k + 2561 = 0. List the prime factors of k.
197
Let c(m) = 153*m + 39. List the prime factors of c(4).
3, 7, 31
List the prime factors of (315/(-12))/((-24)/1280).
2, 5, 7
Let o(q) = -10*q - 3*q**3 + 13 - 18*q**2 + 32*q**2 + 2*q**3. What are the prime factors of o(13)?
2, 13
Let m(f) = f**2 - f + 21. Suppose 0*k + 3 = -2*k + 3*u, 0 = 3*u - 3. Suppose -2*c = -k*c. What are the prime factors of m(c)?
3, 7
Let l(k) = -k**3 - 9*k**2 + 10*k. Let y be l(-10). Suppose -z + 3*z - 28 = y. Let p = z - -6. What are the prime factors of p?
2, 5
Let s be (3/6)/((-1)/(-12)). Suppose 0 = -4*h + s*h - 128. List the prime factors of h.
2
Let w(j) = -32*j - 3. Let l be w(-3). Suppose -l = -3*r + 78. Suppose r = 5*y - 13. List the prime factors of y.
2, 7
Let m = 78 + 39. Suppose 0 = 4*g - 27 - m. List the prime factors of g.
2, 3
Let o(q) be the first derivative of 5*q**2/2 + 6*q + 18. List the prime factors of o(5).
31
Suppose -5*u = -2*n + 22 + 17, 4*u - 26 = -n. Let k = n + 155. Suppose 5*m - k = 3. What are the prime factors of m?
2, 3
Suppose 0 = -2*m - 4*d + 40, 5*m + 8*d - 3*d - 75 = 0. Suppose 955 = m*w + 335. List the prime factors of w.
2, 31
Let f = 87 + -95. Let j(v) = -4*v + 1 - 6 - 5. List the prime factors of j(f).
2, 11
Let j(i) = -259*i**3 - 2*i**2 + 1. What are the prime factors of j(-1)?
2, 3, 43
Suppose -12 - 38 = x - 2*h, 5*x + 238 = -2*h. Let p = x + 143. Suppose -u + 85 = 3*f, 4*u - 8*u - p = -3*f. What are the prime factors of f?
29
Let s(g) = g**3 - 11*g**2 + 14*g - 13. Suppose 0 = -4*d + 16, -3*d + 18 = v - d. Let l be s(v). List the prime factors of 2766/54 + (-6)/l.
3, 17
Let m = 2179 + -1516. List the prime factors of m.
3, 13, 17
Let n be 69004/(-195) - 2/15. Let q = -171 - n. List the prime factors of q.
3, 61
Suppose 2*q = q. Suppose q = 6*k - 2*k - 8. Let c(n) = 7*n**2 + 2. What are the prime factors of c(k)?
2, 3, 5
Suppose -b - 32 = 371. Let d = 635 + b. List the prime factors of d.
2, 29
Suppose 3*x = -2*v + 2*x + 11, -5 = -x. What are the prime factors of (11/v)/(158/78 + -2)?
11, 13
What are the prime factors of 6 + 0 - (-573 + 20)?
13, 43
Suppose -4*m - 55 = z - m, m = 4*z + 155. Let v = z - -127. List the prime factors of v.
3, 29
Let w = 30 + -28. Suppose w*c = d + 10, -3*c + 6 = 5*d + c. What are the prime factors of 4 + (-51)/(-3) + d?
19
Let v be ((-2)/(-8))/(-1 + (-68)/(-64)). Suppose -2*j + 29 + 1 = 5*t, -5*j = 0. Suppose 2*g - t*g + 56 = -v*y, 0 = -3*g - 4*y + 14. List the prime factors of g.
2, 5
Let l = -34 - -34. List the prime factors of -2 - (l + -1 + -65).
2
What are the prime factors of (0 - -147)*(-20)/(-6)?
2, 5, 7
Let l = -975 - -1831. What are the prime factors of l?
2, 107
Let u = -15 - -1530. What are the prime factors of u?
3, 5, 101
Let n = -109 - -329. List the prime factors of n.
2, 5, 11
Let w(h) = 12*h**2 - 13*h - 4. What are the prime factors of w(10)?
2, 13, 41
Let r = -1040 - -1464. What are the prime factors of r?
2, 53
Let v = -213 + 436. Suppose -2*z = 9*f - 4*f - 446, 0 = -z + 5*f + v. List the prime factors of z.
223
Let u = 565 - -2568. What are the prime factors of u?
13, 241
Let g be (20/(-4))/(4/(-4)). Suppose g*z + 4*w - 30 = 0, w = 3*z - 38 + 3. List the prime factors of z.
2, 5
Suppose 5*y - 12 = -0*y - l, 0 = -y + l. List the prime factors of 598/18 - -1*y/(-9).
3, 11
Let q be (-2 + 3)*(-1 - 2). List the prime factors of (-1 + (-6)/q)*36.
2, 3
Suppose -2*p + 7*p - 14 = a, 2*p + 3*a = -8. List the prime factors of 4/((-60)/(-1655)) - p/(-3).
3, 37
Suppose -5*c + 36 = -2*n, 2*n = -c - n - 3. What are the prime factors of (-8)/c - 5376/(-36)?
2, 37
Let g(j) = j**2 + 6*j - 4. Let f be g(-6). Let l be (-168)/(-78) - f/(-26). Suppose 2*r = -l*r - 4*z + 56, 4 = r + 3*z. List the prime factors of r.
19
Suppose 5*l - 4*l = -3*f + 6, f = -4*l + 2. Let i(z) = 32*z**2 - 1 + z - 9*z**f + z. What are the prime factors of i(1)?
2, 3
Suppose 16 = -q - q. Let i = q + 11. List the prime factors of 3*i/(-6)*-18.
3
Let s(i) = -2*i**2 - 1. Let o be s(1). Let w be -3*o/(18/(-40)). What are the prime factors of 6/4*w/(-6)?
5
Let s(j) = 29*j**2 - 15*j - 63. What are the prime factors of s(-4)?
461
Suppose 0 = -215*j + 220*j - 4085. What are the prime factors of j?
19, 43
Suppose -4*c - x + 722 = x, x - 904 = -5*c. What are the prime factors of c?
181
Suppose 4*r - 418 = 22. Let d = 222 - r. What are the prime factors of d?
2, 7
Let a = 59 + 59. Let s = a - -13. List the prime factors of s.
131
Suppose -4*v + 5*p + 205 = 0, v - 35 = -p - p. Let j = 2 + v. List the prime factors of j.
47
Let x = -17 + 325. List the prime factors of x.
2, 7, 11
Let x = 3780 + -2138. List the prime factors of x.
2, 821
Let p = -506 + 258. Let y = 523 + p. List the prime factors of y.
5, 11
Let d be (-1)/4 - (-13)/4. Let p be (-1)/1*d + 7. Suppose 43 + 89 = p*z. List the prime factors of z.
3, 11
Let j be -3 + 2*(-2 - -6). Let l(p) = 3*p - 11. Let g be l(j). Suppose g*f - 2*x - 19 = -x, 3*f + 4*x = 0. List the prime factors of f.
2
Let f(a) = 7*a**2 + 10*a + 25. Let w be f(-5). Let o = w + 35. List the prime factors of o.
5, 37
Let p(f) = -f**2 + 9*f + 24. Suppose 2*y + 5*a - 2*a = 10, 4*y - 24 = -5*a. List the prime factors of p(y).
2
Let b(f) = -f - 3. Let z be b(8). Suppose 80 = 4*i + 4*d, 3*i = -0*i + 4*d + 67. Let y = z + i. What are the prime factors of y?
2, 5
Let b = 72 + -68. Suppose b*j = -5*s + 381, 5*j - 2*j = s + 262. What are the prime factors of j?
89
Let u(b) = 5*b**2 + 4. Let s be u(-4). Let f(p) = -59*p**3 - 2*p**2 + 3*p - 2. Let d be f(1). Let w = d + s. What are the prime factors of w?
2, 3
Let v(r) = -r + 38. Suppose h = -5*j + 15, 0 = h + 3*h + 2*j - 42. List the prime factors of v(h).
2, 7
Let c = -9 + 38. Suppose 4 = -a + c. List the prime factors of a.
5
Let g be (2*(-4)/3)/(92/68586). What are the prime factors of (-100)/(-36) - 3 - g/36?
5, 11
Suppose 0 = -14*r - 10*r + 6216. What are the prime factors of r?
7, 37
Let p = 6 + -6. Suppose -4*u + p*u - 144 = 0. Let b = 59 + u. List the prime factors of b.
23
Suppose -8*n = -4*n - 8. Suppose 5*u + 28 = 4*v - 425, -v + 97 = n*u. What are the prime factors of v?
107
Let i(f) = -f**2 - 7*f - 3. Let p be 10/2*36/(-30). Let s be i(p). Let m(o) = o**3 - o**2 - 2*o + 3. List the prime factors of m(s).
3, 5
Let p(b) = -5*b**2 - 20*b - 16. Let u(l) = -3*l**2 - 13*l - 11. Let m(k) = 5*p(k) - 8*u(k). Let g be m(6). What are the prime factors of (g/3)/((-2)/15)?
2, 5
Let o(i) = i**3 - 13*i**2 + i - 12. Let l be o(13). Let t be (-3 + (2 - -1))*l. Suppose t = 4*v - 18 - 114. What are the prime factors of v?
3, 11
Let t = -7 + 19. Let z(q) = 2 + 0 - q**2 - 3*q - 4 - t*q. What are the prime factors of z(-6)?
2, 13
Let n = 14 - 12. List the prime factors of (-239)/(-6) + n/12.
2, 5
Let a = -91 - -1212. What are the prime factors of a?
19, 59
Suppose -2*a + 5110 = 4*o, -6392 = -5*o - a - 0*a. List the prime factors of o.
1279
Let r(d) = -1. Let f(l) = -65*l + 18. Let n(w) = f(w) + 3*r(w). List the prime factors of n(-2).
5, 29
Let l be 2/8 - (28/(-16) + -3). What are the prime factors of (-1096)/(-10) - (-2)/l?
2, 5, 11
Let t(z) = 3*z**2 - 2*z + 2. Let f be t(-3). Suppose o = 49 + f. What are the prime factors of 4 - (-5)/(10/o)?
2, 23
Let w(l) = -l**3 - 2*l**2 - 6*l - 1. Let p = 84 - 87. What are the prime factors of w(p)?
2, 13
Let q be (-5)/(-20) + (-76)/(-16). Suppose 0 = 2*b + 4*h - 156, -2*h + q*h = 4*b - 301. What are the prime factors of b?
2, 19
Suppose 0 = 3*m + f - 4, m + 0*f + 7 = -2*f. Let l(b) = 7*b + 7*b - m + 3*b + 4. List the prime factors of l(1).
2, 3
Suppose 4*y - 1776 = -4*w, -1 = 2*y - 3*y. Suppose 52 = 3*h - w. What are the prime factors of h?
3, 5, 11
Suppose -4*c - 2*w = -102, c = -c + 2*w + 36. List the prime factors of c.
23
Suppose 45*f = 161513 - 